{"id":28,"date":"2019-05-17T14:16:02","date_gmt":"2019-05-17T12:16:02","guid":{"rendered":"http:\/\/reviplan.pl\/?page_id=28"},"modified":"2022-10-21T11:53:12","modified_gmt":"2022-10-21T09:53:12","slug":"kontakt","status":"publish","type":"page","link":"https:\/\/reviplan.pl\/index.php\/kontakt\/","title":{"rendered":"KONTAKT"},"content":{"rendered":"\n<p>Siedziba firmy mie\u015bci si\u0119 w Bytomiu <br>przy ul. K\u0119dzierzy\u0144skiej 17  <\/p>\n\n\n\n<p>Telefon:  + 48 603 181 &nbsp;311  <br>Mail: biuro[at]reviplan.pl <\/p>\n","protected":false},"excerpt":{"rendered":"<p>Siedziba firmy mie\u015bci si\u0119 w Bytomiu przy ul. K\u0119dzierzy\u0144skiej 17 Telefon: + 48 603 181 &nbsp;311 Mail: biuro[at]reviplan.pl<\/p>\n","protected":false},"author":1,"featured_media":0,"parent":0,"menu_order":0,"comment_status":"closed","ping_status":"closed","template":"","meta":{"footnotes":""},"class_list":["post-28","page","type-page","status-publish","hentry"],"_links":{"self":[{"href":"https:\/\/reviplan.pl\/index.php\/wp-json\/wp\/v2\/pages\/28","targetHints":{"allow":["GET"]}}],"collection":[{"href":"https:\/\/reviplan.pl\/index.php\/wp-json\/wp\/v2\/pages"}],"about":[{"href":"https:\/\/reviplan.pl\/index.php\/wp-json\/wp\/v2\/types\/page"}],"author":[{"embeddable":true,"href":"https:\/\/reviplan.pl\/index.php\/wp-json\/wp\/v2\/users\/1"}],"replies":[{"embeddable":true,"href":"https:\/\/reviplan.pl\/index.php\/wp-json\/wp\/v2\/comments?post=28"}],"version-history":[{"count":31,"href":"https:\/\/reviplan.pl\/index.php\/wp-json\/wp\/v2\/pages\/28\/revisions"}],"predecessor-version":[{"id":1155,"href":"https:\/\/reviplan.pl\/index.php\/wp-json\/wp\/v2\/pages\/28\/revisions\/1155"}],"wp:attachment":[{"href":"https:\/\/reviplan.pl\/index.php\/wp-json\/wp\/v2\/media?parent=28"}],"curies":[{"name":"wp","href":"https:\/\/api.w.org\/{rel}","templated":true}]}}